{"id":95,"date":"2023-04-18T01:52:12","date_gmt":"2023-04-18T01:52:12","guid":{"rendered":"https:\/\/electromecanicasv.cl\/?page_id=95"},"modified":"2023-04-25T18:44:43","modified_gmt":"2023-04-25T18:44:43","slug":"servicios","status":"publish","type":"page","link":"https:\/\/electromecanicasv.cl\/?page_id=95","title":{"rendered":"Servicios"},"content":{"rendered":"\n<div class=\"wp-block-cover\" style=\"min-height:163px;aspect-ratio:unset;\"><span aria-hidden=\"true\" class=\"wp-block-cover__background has-background-dim-80 has-background-dim\"><\/span><img loading=\"lazy\" decoding=\"async\" width=\"1000\" height=\"461\" class=\"wp-block-cover__image-background wp-image-47\" alt=\"\" src=\"https:\/\/electromecanicasv.cl\/wp-content\/uploads\/2023\/04\/Imagenes-servicios-2.jpg\" data-object-fit=\"cover\" srcset=\"https:\/\/electromecanicasv.cl\/wp-content\/uploads\/2023\/04\/Imagenes-servicios-2.jpg 1000w, https:\/\/electromecanicasv.cl\/wp-content\/uploads\/2023\/04\/Imagenes-servicios-2-300x138.jpg 300w, https:\/\/electromecanicasv.cl\/wp-content\/uploads\/2023\/04\/Imagenes-servicios-2-768x354.jpg 768w\" sizes=\"auto, (max-width: 1000px) 100vw, 1000px\" \/><div class=\"wp-block-cover__inner-container is-layout-constrained wp-block-cover-is-layout-constrained\">\n<h1 class=\"wp-block-heading has-text-align-left has-large-font-size\" style=\"padding-top:1px;padding-right:1px;padding-bottom:1px;padding-left:1px\">Nuestros Servicios<\/h1>\n<\/div><\/div>\n\n\n\n<div class=\"wp-block-media-text is-stacked-on-mobile is-image-fill has-theme-palette-8-background-color has-background\" style=\"grid-template-columns:34% auto\"><figure class=\"wp-block-media-text__media\" style=\"background-image:url(https:\/\/electromecanicasv.cl\/wp-content\/uploads\/2023\/04\/servicios1.jpg);background-position:50% 50%\"><img loading=\"lazy\" decoding=\"async\" width=\"600\" height=\"400\" src=\"https:\/\/electromecanicasv.cl\/wp-content\/uploads\/2023\/04\/servicios1.jpg\" alt=\"\" class=\"wp-image-865 size-full\" srcset=\"https:\/\/electromecanicasv.cl\/wp-content\/uploads\/2023\/04\/servicios1.jpg 600w, https:\/\/electromecanicasv.cl\/wp-content\/uploads\/2023\/04\/servicios1-300x200.jpg 300w\" sizes=\"auto, (max-width: 600px) 100vw, 600px\" \/><\/figure><div class=\"wp-block-media-text__content\">\n<h3 class=\"wp-block-heading has-theme-palette-1-color has-text-color\">Mantenimiento Industrial<\/h3>\n\n\n\n<p class=\"has-theme-palette-5-color has-text-color\" style=\"font-size:15px;font-style:normal;font-weight:500\">Mantenimiento preventivo y correctivo de reductores, bombas, ventiladores y generadores.  Realizamos mantenimiento en terreno siempre proactivo que incluyen alineaciones l\u00e1ser, balanceos din\u00e1micos a ventiladores, entre otros.<\/p>\n\n\n\n<div class=\"wp-block-buttons is-content-justification-right is-layout-flex wp-container-core-buttons-is-layout-765c4724 wp-block-buttons-is-layout-flex\">\n<div class=\"wp-block-button has-custom-width wp-block-button__width-25 has-custom-font-size is-style-outline has-small-font-size is-style-outline--1\"><a class=\"wp-block-button__link has-theme-palette-7-color has-theme-palette-5-background-color has-text-color has-background wp-element-button\" href=\"https:\/\/electromecanicasv.cl\/?page_id=1101\" style=\"border-radius:12px;padding-top:0;padding-right:0;padding-bottom:0;padding-left:0\">Cotizar<\/a><\/div>\n<\/div>\n<\/div><\/div>\n\n\n\n<div class=\"wp-block-media-text is-stacked-on-mobile is-image-fill has-theme-palette-8-background-color has-background\" style=\"grid-template-columns:34% auto\"><figure class=\"wp-block-media-text__media\" style=\"background-image:url(https:\/\/electromecanicasv.cl\/wp-content\/uploads\/2023\/04\/servicios2.jpg);background-position:50% 50%\"><img loading=\"lazy\" decoding=\"async\" width=\"600\" height=\"400\" src=\"https:\/\/electromecanicasv.cl\/wp-content\/uploads\/2023\/04\/servicios2.jpg\" alt=\"\" class=\"wp-image-866 size-full\" srcset=\"https:\/\/electromecanicasv.cl\/wp-content\/uploads\/2023\/04\/servicios2.jpg 600w, https:\/\/electromecanicasv.cl\/wp-content\/uploads\/2023\/04\/servicios2-300x200.jpg 300w\" sizes=\"auto, (max-width: 600px) 100vw, 600px\" \/><\/figure><div class=\"wp-block-media-text__content\">\n<h3 class=\"wp-block-heading has-theme-palette-1-color has-text-color\">Bobinado de Motores El\u00e9ctricos<\/h3>\n\n\n\n<p class=\"has-theme-palette-5-color has-text-color\" style=\"font-size:15px;font-style:normal;font-weight:500\">Campo estrat\u00f3rico, bobinado de rotores, motores corriente continua y alterna BT y MT, equipos de 1,0 a 1.000 HP.  Realizamos cambios de tensi\u00f3n<\/p>\n\n\n\n<div class=\"wp-block-buttons is-content-justification-right is-layout-flex wp-container-core-buttons-is-layout-765c4724 wp-block-buttons-is-layout-flex\">\n<div class=\"wp-block-button has-custom-width wp-block-button__width-25 has-custom-font-size is-style-outline has-small-font-size is-style-outline--2\"><a class=\"wp-block-button__link has-theme-palette-7-color has-theme-palette-5-background-color has-text-color has-background wp-element-button\" href=\"https:\/\/electromecanicasv.cl\/?page_id=1101\" style=\"border-radius:12px;padding-top:0;padding-right:0;padding-bottom:0;padding-left:0\">Cotizar<\/a><\/div>\n<\/div>\n<\/div><\/div>\n\n\n\n<div class=\"wp-block-media-text is-stacked-on-mobile is-image-fill has-theme-palette-8-background-color has-background\" style=\"grid-template-columns:34% auto\"><figure class=\"wp-block-media-text__media\" style=\"background-image:url(https:\/\/electromecanicasv.cl\/wp-content\/uploads\/2023\/04\/servicios4.jpg);background-position:50% 50%\"><img loading=\"lazy\" decoding=\"async\" width=\"500\" height=\"304\" src=\"https:\/\/electromecanicasv.cl\/wp-content\/uploads\/2023\/04\/servicios4.jpg\" alt=\"\" class=\"wp-image-868 size-full\" srcset=\"https:\/\/electromecanicasv.cl\/wp-content\/uploads\/2023\/04\/servicios4.jpg 500w, https:\/\/electromecanicasv.cl\/wp-content\/uploads\/2023\/04\/servicios4-300x182.jpg 300w\" sizes=\"auto, (max-width: 500px) 100vw, 500px\" \/><\/figure><div class=\"wp-block-media-text__content\">\n<h3 class=\"wp-block-heading has-theme-palette-1-color has-text-color\">Bombas Centr\u00edfugas y Sumergibles<\/h3>\n\n\n\n<p class=\"has-theme-palette-5-color has-text-color\" style=\"font-size:15px;font-style:normal;font-weight:500\">Realizamos mantenci\u00f3n multimarca a bombas de superficie, sumergibles, pantaneras, desplazamiento positivo con marcas l\u00edderes en la industria alimentaria.  Montajes, alineaciones y fabricaci\u00f3n de bases<\/p>\n\n\n\n<div class=\"wp-block-buttons is-content-justification-right is-layout-flex wp-container-core-buttons-is-layout-765c4724 wp-block-buttons-is-layout-flex\">\n<div class=\"wp-block-button has-custom-width wp-block-button__width-25 has-custom-font-size is-style-outline has-small-font-size is-style-outline--3\"><a class=\"wp-block-button__link has-theme-palette-7-color has-theme-palette-5-background-color has-text-color has-background wp-element-button\" href=\"https:\/\/electromecanicasv.cl\/?page_id=1101\" style=\"border-radius:12px;padding-top:0;padding-right:0;padding-bottom:0;padding-left:0\">Cotizar<\/a><\/div>\n<\/div>\n<\/div><\/div>\n\n\n\n<div class=\"wp-block-media-text is-stacked-on-mobile is-image-fill has-theme-palette-8-background-color has-background\" style=\"grid-template-columns:34% auto\"><figure class=\"wp-block-media-text__media\" style=\"background-image:url(https:\/\/electromecanicasv.cl\/wp-content\/uploads\/2023\/04\/mantenimiento-predictivo.jpg);background-position:50% 50%\"><img loading=\"lazy\" decoding=\"async\" width=\"700\" height=\"304\" src=\"https:\/\/electromecanicasv.cl\/wp-content\/uploads\/2023\/04\/mantenimiento-predictivo.jpg\" alt=\"\" class=\"wp-image-864 size-full\" srcset=\"https:\/\/electromecanicasv.cl\/wp-content\/uploads\/2023\/04\/mantenimiento-predictivo.jpg 700w, https:\/\/electromecanicasv.cl\/wp-content\/uploads\/2023\/04\/mantenimiento-predictivo-300x130.jpg 300w\" sizes=\"auto, (max-width: 700px) 100vw, 700px\" \/><\/figure><div class=\"wp-block-media-text__content\">\n<h3 class=\"wp-block-heading has-theme-palette-1-color has-text-color\">Mantenimiento predictivo<\/h3>\n\n\n\n<p class=\"has-theme-palette-5-color has-text-color\" style=\"font-size:15px;font-style:normal;font-weight:500\">Mantenimiento preventivo y correctivo de reductores, bombas, ventiladores y generadores.  Realizamos mantenimiento en terreno proactivo, alineaciones l\u00e1ser, balanceos din\u00e1micos a ventiladores entre otros.<\/p>\n\n\n\n<div class=\"wp-block-buttons is-content-justification-right is-layout-flex wp-container-core-buttons-is-layout-765c4724 wp-block-buttons-is-layout-flex\">\n<div class=\"wp-block-button has-custom-width wp-block-button__width-25 has-custom-font-size is-style-outline has-small-font-size is-style-outline--4\"><a class=\"wp-block-button__link has-theme-palette-7-color has-theme-palette-5-background-color has-text-color has-background wp-element-button\" href=\"https:\/\/electromecanicasv.cl\/?page_id=1101\" style=\"border-radius:12px;padding-top:0;padding-right:0;padding-bottom:0;padding-left:0\">Cotizar<\/a><\/div>\n<\/div>\n<\/div><\/div>\n\n\n\n<div class=\"wp-block-media-text is-stacked-on-mobile is-image-fill has-theme-palette-8-background-color has-background\" style=\"grid-template-columns:34% auto\"><figure class=\"wp-block-media-text__media\" style=\"background-image:url(https:\/\/electromecanicasv.cl\/wp-content\/uploads\/2023\/04\/servicios5c.jpg);background-position:50% 50%\"><img loading=\"lazy\" decoding=\"async\" width=\"700\" height=\"451\" src=\"https:\/\/electromecanicasv.cl\/wp-content\/uploads\/2023\/04\/servicios5c.jpg\" alt=\"\" class=\"wp-image-871 size-full\" srcset=\"https:\/\/electromecanicasv.cl\/wp-content\/uploads\/2023\/04\/servicios5c.jpg 700w, https:\/\/electromecanicasv.cl\/wp-content\/uploads\/2023\/04\/servicios5c-300x193.jpg 300w\" sizes=\"auto, (max-width: 700px) 100vw, 700px\" \/><\/figure><div class=\"wp-block-media-text__content\">\n<h3 class=\"wp-block-heading has-theme-palette-1-color has-text-color\">Fabricaci\u00f3n de equipamiento el\u00e9ctrico BT y MT<\/h3>\n\n\n\n<p class=\"has-theme-palette-5-color has-text-color\" style=\"font-size:15px;font-style:normal;font-weight:500\">Dise\u00f1amos y fabricamos para los m\u00e1s diversos sectores del mercado.  Nuestros tableros el\u00e9ctricos cumplen las normas y requisitos de calidad y performance, garantizando seguridad para los operadores y para su patrimonio.  El \u00edndice de estandarizaci\u00f3n de nuestros equipos permite facilidad de montaje, instalaci\u00f3n, mantenimiento y expansiones futuras.<\/p>\n\n\n\n<p class=\"has-theme-palette-2-color has-text-color\" style=\"font-size:12px\"><strong>Tableros de fuerza (TDF) | Tableros de alumbrado (TDA)  | Tableros de PLC | Tableros de VDF | Centro de distribuci\u00f3n de carga | Centro de control de motores.<\/strong><\/p>\n\n\n\n<div class=\"wp-block-buttons is-content-justification-right is-layout-flex wp-container-core-buttons-is-layout-765c4724 wp-block-buttons-is-layout-flex\">\n<div class=\"wp-block-button has-custom-width wp-block-button__width-25 has-custom-font-size is-style-outline has-small-font-size is-style-outline--5\"><a class=\"wp-block-button__link has-theme-palette-7-color has-theme-palette-5-background-color has-text-color has-background wp-element-button\" href=\"https:\/\/electromecanicasv.cl\/?page_id=1101\" style=\"border-radius:12px;padding-top:0;padding-right:0;padding-bottom:0;padding-left:0\">Cotizar<\/a><\/div>\n<\/div>\n<\/div><\/div>\n\n\n\n<div class=\"wp-block-media-text is-stacked-on-mobile is-image-fill has-theme-palette-8-background-color has-background\" style=\"grid-template-columns:34% auto\"><figure class=\"wp-block-media-text__media\" style=\"background-image:url(https:\/\/electromecanicasv.cl\/wp-content\/uploads\/2023\/04\/servicios5b.jpg);background-position:50% 50%\"><img loading=\"lazy\" decoding=\"async\" width=\"500\" height=\"304\" src=\"https:\/\/electromecanicasv.cl\/wp-content\/uploads\/2023\/04\/servicios5b.jpg\" alt=\"\" class=\"wp-image-870 size-full\" srcset=\"https:\/\/electromecanicasv.cl\/wp-content\/uploads\/2023\/04\/servicios5b.jpg 500w, https:\/\/electromecanicasv.cl\/wp-content\/uploads\/2023\/04\/servicios5b-300x182.jpg 300w\" sizes=\"auto, (max-width: 500px) 100vw, 500px\" \/><\/figure><div class=\"wp-block-media-text__content\">\n<h3 class=\"wp-block-heading has-theme-palette-1-color has-text-color\">Automatizaci\u00f3n y Control Industrial<\/h3>\n\n\n\n<p class=\"has-theme-palette-5-color has-text-color\" style=\"font-size:15px;font-style:normal;font-weight:500\">Ejecutamos y dise\u00f1amos proyectos de control autom\u00e1tico para sistemas de distribuci\u00f3n h\u00eddrica y otros procesos.<\/p>\n\n\n\n<div class=\"wp-block-buttons is-content-justification-right is-layout-flex wp-container-core-buttons-is-layout-765c4724 wp-block-buttons-is-layout-flex\">\n<div class=\"wp-block-button has-custom-width wp-block-button__width-25 has-custom-font-size is-style-outline has-small-font-size is-style-outline--6\"><a class=\"wp-block-button__link has-theme-palette-7-color has-theme-palette-5-background-color has-text-color has-background wp-element-button\" href=\"https:\/\/electromecanicasv.cl\/?page_id=1101\" style=\"border-radius:12px;padding-top:0;padding-right:0;padding-bottom:0;padding-left:0\">Cotizar<\/a><\/div>\n<\/div>\n<\/div><\/div>\n\n\n\n<div class=\"wp-block-media-text is-stacked-on-mobile has-theme-palette-8-background-color has-background\" style=\"grid-template-columns:34% auto\"><figure class=\"wp-block-media-text__media\"><img loading=\"lazy\" decoding=\"async\" width=\"884\" height=\"304\" src=\"https:\/\/electromecanicasv.cl\/wp-content\/uploads\/2023\/04\/servicios6b.jpg\" alt=\"\" class=\"wp-image-873 size-full\" srcset=\"https:\/\/electromecanicasv.cl\/wp-content\/uploads\/2023\/04\/servicios6b.jpg 884w, https:\/\/electromecanicasv.cl\/wp-content\/uploads\/2023\/04\/servicios6b-300x103.jpg 300w, https:\/\/electromecanicasv.cl\/wp-content\/uploads\/2023\/04\/servicios6b-768x264.jpg 768w\" sizes=\"auto, (max-width: 884px) 100vw, 884px\" \/><\/figure><div class=\"wp-block-media-text__content\">\n<h3 class=\"wp-block-heading has-theme-palette-1-color has-text-color\">Control El\u00e9ctrico<\/h3>\n\n\n\n<p class=\"has-theme-palette-5-color has-text-color\" style=\"font-size:15px;font-style:normal;font-weight:500\">Somos distribuidores especialistas de toda la l\u00ednea de control y automatizaci\u00f3n WEG<\/p>\n\n\n\n<p class=\"has-theme-palette-3-color has-text-color\" style=\"font-size:12px\"><strong>Variadores de frecuencia | Arrancadores suaves | L\u00ednea de control | Contactores | Rel\u00e9s t\u00e9rmicos | Condensadores | Componentes Se\u00f1alizaci\u00f3n<\/strong><\/p>\n\n\n\n<div class=\"wp-block-buttons is-content-justification-right is-layout-flex wp-container-core-buttons-is-layout-765c4724 wp-block-buttons-is-layout-flex\">\n<div class=\"wp-block-button has-custom-width wp-block-button__width-25 has-custom-font-size is-style-outline has-small-font-size is-style-outline--7\"><a class=\"wp-block-button__link has-theme-palette-7-color has-theme-palette-5-background-color has-text-color has-background wp-element-button\" href=\"https:\/\/electromecanicasv.cl\/?page_id=1101\" style=\"border-radius:12px;padding-top:0;padding-right:0;padding-bottom:0;padding-left:0\">Cotizar<\/a><\/div>\n<\/div>\n<\/div><\/div>\n\n\n\n<div class=\"wp-block-media-text is-stacked-on-mobile is-image-fill has-theme-palette-8-background-color has-background\" style=\"grid-template-columns:34% auto\"><figure class=\"wp-block-media-text__media\" style=\"background-image:url(https:\/\/electromecanicasv.cl\/wp-content\/uploads\/2023\/04\/servicios7.jpg);background-position:50% 50%\"><img loading=\"lazy\" decoding=\"async\" width=\"500\" height=\"304\" src=\"https:\/\/electromecanicasv.cl\/wp-content\/uploads\/2023\/04\/servicios7.jpg\" alt=\"\" class=\"wp-image-874 size-full\" srcset=\"https:\/\/electromecanicasv.cl\/wp-content\/uploads\/2023\/04\/servicios7.jpg 500w, https:\/\/electromecanicasv.cl\/wp-content\/uploads\/2023\/04\/servicios7-300x182.jpg 300w\" sizes=\"auto, (max-width: 500px) 100vw, 500px\" \/><\/figure><div class=\"wp-block-media-text__content\">\n<h3 class=\"wp-block-heading has-theme-palette-1-color has-text-color\">Bombas Industriales<\/h3>\n\n\n\n<p class=\"has-theme-palette-5-color has-text-color\" style=\"font-size:15px;font-style:normal;font-weight:500\">Comercializamos equipos de bombeo de diversas marcas y aplicaciones.  Superficie, dosificadoras, de pozo profundo, sumergibles para drenaje interior mina lodo y aguas industriales<\/p>\n\n\n\n<p class=\"has-theme-palette-3-color has-text-color\" style=\"font-size:12px\"><strong>Marcas: Meudy | Calpeda | Reggio | Dreno | Ulmax | Impo<\/strong><\/p>\n\n\n\n<div class=\"wp-block-buttons is-content-justification-right is-layout-flex wp-container-core-buttons-is-layout-765c4724 wp-block-buttons-is-layout-flex\">\n<div class=\"wp-block-button has-custom-width wp-block-button__width-25 has-custom-font-size is-style-outline has-small-font-size is-style-outline--8\"><a class=\"wp-block-button__link has-theme-palette-7-color has-theme-palette-5-background-color has-text-color has-background wp-element-button\" href=\"https:\/\/electromecanicasv.cl\/?page_id=1101\" style=\"border-radius:12px;padding-top:0;padding-right:0;padding-bottom:0;padding-left:0\">Cotizar<\/a><\/div>\n<\/div>\n<\/div><\/div>\n\n\n\n<div class=\"wp-block-media-text is-stacked-on-mobile has-theme-palette-8-background-color has-background uag-hide-mob\" style=\"grid-template-columns:34% auto\"><figure class=\"wp-block-media-text__media\"><img loading=\"lazy\" decoding=\"async\" width=\"700\" height=\"268\" src=\"https:\/\/electromecanicasv.cl\/wp-content\/uploads\/2023\/04\/distribucion1.jpg\" alt=\"\" class=\"wp-image-859 size-full\" srcset=\"https:\/\/electromecanicasv.cl\/wp-content\/uploads\/2023\/04\/distribucion1.jpg 700w, https:\/\/electromecanicasv.cl\/wp-content\/uploads\/2023\/04\/distribucion1-300x115.jpg 300w\" sizes=\"auto, (max-width: 700px) 100vw, 700px\" \/><\/figure><div class=\"wp-block-media-text__content\">\n<h3 class=\"wp-block-heading has-theme-palette-1-color has-text-color\">Reductores Multimarca<\/h3>\n\n\n\n<p class=\"has-theme-palette-5-color has-text-color\" style=\"font-size:15px;font-style:normal;font-weight:500\">Comercializamos marcas l\u00edderes del mercado dentro de las que destacan:<\/p>\n\n\n\n<p class=\"has-theme-palette-3-color has-text-color\" style=\"font-size:12px\"><strong>WEG- CESTARI | GEREMIA | RHINO<\/strong><\/p>\n\n\n\n<div class=\"wp-block-buttons is-content-justification-right is-layout-flex wp-container-core-buttons-is-layout-765c4724 wp-block-buttons-is-layout-flex\">\n<div class=\"wp-block-button has-custom-width wp-block-button__width-25 has-custom-font-size is-style-outline has-small-font-size is-style-outline--9\"><a class=\"wp-block-button__link has-theme-palette-7-color has-theme-palette-5-background-color has-text-color has-background wp-element-button\" href=\"https:\/\/electromecanicasv.cl\/?page_id=1101\" style=\"border-radius:12px;padding-top:0;padding-right:0;padding-bottom:0;padding-left:0\">Cotizar<\/a><\/div>\n<\/div>\n<\/div><\/div>\n\n\n\n<div class=\"wp-block-media-text is-stacked-on-mobile has-theme-palette-8-background-color has-background\" style=\"grid-template-columns:34% auto\"><figure class=\"wp-block-media-text__media\"><img loading=\"lazy\" decoding=\"async\" width=\"700\" height=\"268\" src=\"https:\/\/electromecanicasv.cl\/wp-content\/uploads\/2023\/04\/distribucion2.jpg\" alt=\"\" class=\"wp-image-862 size-full\" srcset=\"https:\/\/electromecanicasv.cl\/wp-content\/uploads\/2023\/04\/distribucion2.jpg 700w, https:\/\/electromecanicasv.cl\/wp-content\/uploads\/2023\/04\/distribucion2-300x115.jpg 300w\" sizes=\"auto, (max-width: 700px) 100vw, 700px\" \/><\/figure><div class=\"wp-block-media-text__content\">\n<h3 class=\"wp-block-heading has-theme-palette-1-color has-text-color\">Motores Multimarca<\/h3>\n\n\n\n<p class=\"has-theme-palette-5-color has-text-color\" style=\"font-size:15px;font-style:normal;font-weight:500\">Comercializamos equipos monof\u00e1sicos y trif\u00e1sicos desde 0,5 HP hasta 250 HP, alta eficiencia de marcas como:<\/p>\n\n\n\n<p class=\"has-theme-palette-3-color has-text-color\" style=\"font-size:12px\"><strong>WEG | SIEMENS | RHINO | ABB | MOTIVE<\/strong><\/p>\n\n\n\n<div class=\"wp-block-buttons is-content-justification-right is-layout-flex wp-container-core-buttons-is-layout-765c4724 wp-block-buttons-is-layout-flex\">\n<div class=\"wp-block-button has-custom-width wp-block-button__width-25 has-custom-font-size is-style-outline has-small-font-size is-style-outline--10\"><a class=\"wp-block-button__link has-theme-palette-7-color has-theme-palette-5-background-color has-text-color has-background wp-element-button\" href=\"https:\/\/electromecanicasv.cl\/?page_id=1101\" style=\"border-radius:12px;padding-top:0;padding-right:0;padding-bottom:0;padding-left:0\">Cotizar<\/a><\/div>\n<\/div>\n<\/div><\/div>\n","protected":false},"excerpt":{"rendered":"","protected":false},"author":1,"featured_media":0,"parent":0,"menu_order":0,"comment_status":"closed","ping_status":"closed","template":"","meta":{"_uag_custom_page_level_css":"","_kad_post_transparent":"","_kad_post_title":"","_kad_post_layout":"","_kad_post_sidebar_id":"","_kad_post_content_style":"","_kad_post_vertical_padding":"","_kad_post_feature":"","_kad_post_feature_position":"","_kad_post_header":false,"_kad_post_footer":false,"footnotes":""},"class_list":["post-95","page","type-page","status-publish","hentry"],"uagb_featured_image_src":{"full":false,"thumbnail":false,"medium":false,"medium_large":false,"large":false,"1536x1536":false,"2048x2048":false,"woocommerce_thumbnail":false,"woocommerce_single":false,"woocommerce_gallery_thumbnail":false},"uagb_author_info":{"display_name":"adminelectro","author_link":"https:\/\/electromecanicasv.cl\/?author=1"},"uagb_comment_info":0,"uagb_excerpt":null,"_links":{"self":[{"href":"https:\/\/electromecanicasv.cl\/index.php?rest_route=\/wp\/v2\/pages\/95","targetHints":{"allow":["GET"]}}],"collection":[{"href":"https:\/\/electromecanicasv.cl\/index.php?rest_route=\/wp\/v2\/pages"}],"about":[{"href":"https:\/\/electromecanicasv.cl\/index.php?rest_route=\/wp\/v2\/types\/page"}],"author":[{"embeddable":true,"href":"https:\/\/electromecanicasv.cl\/index.php?rest_route=\/wp\/v2\/users\/1"}],"replies":[{"embeddable":true,"href":"https:\/\/electromecanicasv.cl\/index.php?rest_route=%2Fwp%2Fv2%2Fcomments&post=95"}],"version-history":[{"count":12,"href":"https:\/\/electromecanicasv.cl\/index.php?rest_route=\/wp\/v2\/pages\/95\/revisions"}],"predecessor-version":[{"id":1130,"href":"https:\/\/electromecanicasv.cl\/index.php?rest_route=\/wp\/v2\/pages\/95\/revisions\/1130"}],"wp:attachment":[{"href":"https:\/\/electromecanicasv.cl\/index.php?rest_route=%2Fwp%2Fv2%2Fmedia&parent=95"}],"curies":[{"name":"wp","href":"https:\/\/api.w.org\/{rel}","templated":true}]}}